
Is 7163137 prime?
False
Is 111543599 prime?
False
Is 69764323 prime?
True
Is 337629763 a composite number?
False
Is 1799056349 a prime number?
True
Is 13325921 a prime number?
False
Is 80924863 a composite number?
False
Is 623317 prime?
False
Is 412093 prime?
False
Is 41362571 a prime number?
False
Is 31164533 a prime number?
True
Is 23061559 a prime number?
True
Is 10427 a composite number?
False
Is 22315327 prime?
True
Is 72917017 a prime number?
False
Is 725881 a prime number?
False
Is 30809099 prime?
True
Is 4248779 composite?
False
Is 2878613 a composite number?
False
Is 33734149 a composite number?
True
Is 9475933 a composite number?
False
Is 279516079 a composite number?
True
Is 80198599 a prime number?
False
Is 892787 a composite number?
True
Is 1384049 a prime number?
False
Is 28277563 a prime number?
True
Is 3751271 a composite number?
True
Is 3211993 a composite number?
True
Is 2722793 composite?
True
Is 478003879 composite?
True
Is 21905449 a composite number?
True
Is 13862999 composite?
True
Is 295996403 a composite number?
False
Is 2585849 a composite number?
True
Is 6397957 a composite number?
False
Is 24114847 prime?
False
Is 50648783 prime?
False
Is 2909141 composite?
False
Is 4295953 a prime number?
True
Is 3102701 a composite number?
True
Is 490927121 prime?
True
Is 3669469 a prime number?
True
Is 5926507 a prime number?
False
Is 51432269 prime?
False
Is 2173307 prime?
True
Is 53176033 prime?
False
Is 2806781 prime?
True
Is 7685333 a composite number?
True
Is 1406497 a prime number?
True
Is 311102123 composite?
False
Is 12658057 a prime number?
False
Is 339194917 a prime number?
False
Is 6061829 a composite number?
False
Is 993581 prime?
False
Is 1727261 composite?
False
Is 38722237 a composite number?
False
Is 49759033 composite?
False
Is 63683929 a composite number?
False
Is 183609073 composite?
False
Is 27353797 prime?
False
Is 2322307 a composite number?
True
Is 26912891 composite?
False
Is 4234115 composite?
True
Is 1053433 a composite number?
True
Is 127951937 a composite number?
True
Is 4382381 prime?
True
Is 265206017 a prime number?
True
Is 261208663 a prime number?
False
Is 35942507 a prime number?
True
Is 6375293 a composite number?
True
Is 77279 prime?
True
Is 7230841 a composite number?
True
Is 1467553 prime?
True
Is 23019277 prime?
True
Is 3365177 a prime number?
True
Is 27882287 prime?
True
Is 253945 composite?
True
Is 2198149 a prime number?
False
Is 1689319 prime?
True
Is 29237893 a prime number?
False
Is 66497009 a prime number?
True
Is 6431507 prime?
True
Is 1283779 a prime number?
False
Is 3424507 a composite number?
False
Is 703531 a composite number?
False
Is 82890919 a prime number?
False
Is 618509 a composite number?
False
Is 1067789 composite?
False
Is 346418807 prime?
False
Is 425927 a composite number?
True
Is 226455389 composite?
True
Is 200654557 composite?
True
Is 2595871 a prime number?
True
Is 4541919 a composite number?
True
Is 19063789 prime?
True
Is 12867343 a composite number?
False
Is 130434779 prime?
False
Is 6308781 a prime number?
False
Is 407873 a prime number?
False
Is 53271893 prime?
True
Is 8662253 a prime number?
False
Is 10285757 prime?
True
Is 19548809 a prime number?
False
Is 2498891 composite?
True
Is 3426443 a prime number?
True
Is 125815057 a composite number?
True
Is 91207037 prime?
True
Is 11703119 prime?
False
Is 1785683 a prime number?
True
Is 1371665 composite?
True
Is 114676733 prime?
True
Is 9537635 a prime number?
False
Is 63241 prime?
True
Is 25584103 a composite number?
False
Is 1776419 a composite number?
False
Is 14942495 a prime number?
False
Is 869762713 prime?
True
Is 36081547 composite?
False
Is 654476183 composite?
True
Is 14448919 composite?
False
Is 378717437 composite?
True
Is 26046238 prime?
False
Is 7183879 composite?
True
Is 2697379 composite?
False
Is 1397437 composite?
False
Is 483017 composite?
False
Is 1637257 a composite number?
True
Is 504719507 a composite number?
False
Is 2081189 a composite number?
True
Is 50524417 prime?
True
Is 58263599 composite?
False
Is 1440671 a composite number?
True
Is 89919847 composite?
True
Is 45602689 prime?
False
Is 186853033 prime?
True
Is 51708637 a prime number?
False
Is 8483813 prime?
False
Is 18479399 prime?
False
Is 37936219 prime?
False
Is 230217751 prime?
True
Is 5400649 a composite number?
False
Is 10022053 prime?
False
Is 74468873 a prime number?
True
Is 11666993 composite?
True
Is 101900333 composite?
True
Is 1393761 composite?
True
Is 9323723 a composite number?
False
Is 4214741 composite?
False
Is 5133263 composite?
False
Is 27663427 a composite number?
True
Is 4769077 composite?
True
Is 139088197 a prime number?
False
Is 6476287 a prime number?
False
Is 794624819 a composite number?
True
Is 249127 a prime number?
True
Is 173492717 a prime number?
True
Is 1030852541 a prime number?
True
Is 34611023 a prime number?
True
Is 55389531 a prime number?
False
Is 3158359 a prime number?
True
Is 81601501 a composite number?
False
Is 4457933 composite?
False
Is 3945607 prime?
True
Is 1210531 composite?
True
Is 12267219 a prime number?
False
Is 742609 a composite number?
True
Is 5722841 a composite number?
False
Is 79839541 prime?
True
Is 66159439 composite?
False
Is 8766445 a composite number?
True
Is 11094443 composite?
True
Is 8263603 composite?
True
Is 6097603 a composite number?
True
Is 16044689 a prime number?
True
Is 104945761 a prime number?
True
Is 1931497 a prime number?
True
Is 7868293 composite?
False
Is 95642597 a prime number?
False
Is 184207663 prime?
False
Is 200795501 a composite number?
False
Is 795082 prime?
False
Is 145172219 a prime number?
True
Is 43059923 a composite number?
False
Is 5123971 a composite number?
True
Is 8861639 a composite number?
True
Is 1436497 prime?
False
Is 1868371 a composite number?
False
Is 2241937 prime?
False
Is 104939843 a composite number?
False
Is 22572797 a composite number?
True
Is 2800549 prime?
False
Is 9821281 a prime number?
True
Is 5256827 a prime number?
False
Is 3505517 composite?
False
Is 3657911 prime?
True
Is 81751 a composite number?
True
Is 227729 prime?
True
Is 63929909 a composite number?
False
Is 452919595 a composite number?
True
Is 18379891 a composite number?
False
Is 4227121 prime?
False
Is 1940269 a composite number?
False
Is 88959337 a prime number?
False
Is 100428277 prime?
False
Is 65510573 composite?
False
Is 776003 prime?
True
Is 2392127 prime?
True
Is 205657 composite?
False
Is 15930967 composite?
True
Is 10841 a composite number?
True
Is 10663438 a composite number?
True
Is 62449513 a prime number?
False
Is 465997 a prime number?
False
Is 3980881 composite?
True
Is 2734253 prime?
True
Is 14493329 prime?
False
Is 92442857 a prime number?
False
Is 66481885 a prime number?
False
Is 705743 a composite number?
True
Is 152871211 a prime number?
True
Is 6199139 a prime number?
False
Is 48265003 composite?
True
Is 14267417 composite?
False
Is 1546499 composite?
False
Is 1910713 prime?
False
Is 86561 a composite number?
False
Is 6231583 a composite number?
True
Is 10061399 prime?
False
Is 22093663 a prime number?
False
Is 11255159 prime?
False
Is 6492865 a prime number?
False
Is 965953 a prime number?
True
Is 5730493 composite?
True
Is 563477 a prime number?
False
Is 50753 composite?
False
Is 9959263 a composite number?
True
Is 1416913 a prime number?
True
Is 25772533 prime?
True
Is 100447639 composite?
False
Is 41983531 prime?
True
Is 461099 a composite number?
True
Is 217837169 prime?
False
Is 283946183 composite?
False
Is 12795883 a composite number?
True
Is 530293 a prime number?
True
Is 9090331 prime?
True
Is 260260927 a prime number?
True
Is 2561857 composite?
False
Is 44682313 a composite number?
True
Is 4529177 composite?
False
Is 44694941 a composite number?
False
Is 46946579 composite?
True
Is 397861 composite?
True
Is 1651369 prime?
True
Is 4183813 composite?
False
Is 18619649 composite?
False
Is 7183189 a composite number?
True
Is 200047 prime?
False
Is 1624145891 prime?
True
Is 41952737 composite?
False
Is 126526513 composite?
False
Is 1349651 a prime number?
True
Is 58293293 a prime number?
False
Is 188107 composite?
False
Is 11382901 composite?
True
Is 259664005 composite?
True
Is 1953101 a prime number?
True
Is 15603053